 u*w + 3*y, -6*y + 16 = w - 2*y. What is the units digit of w?
6
Suppose 3*w - 2*w + 2*p - 42 = 0, -4*p - 96 = -3*w. Suppose w = -2*g - 0*g. What is the units digit of 4/g*-6*3?
4
Suppose 96 = -2*u + 8*u. What is the units digit of u?
6
Let j(w) = -w**2 + 7*w - 8. Let r be j(6). What is the tens digit of ((-19)/r)/(2/4)?
1
Let l be ((8 - 0) + -3)/1. Suppose -d - 4 = -l. What is the units digit of d?
1
Suppose t = -3*t + 5*m - 64, 5*t + 109 = -m. Let d = t - -32. What is the tens digit of d?
1
Suppose 2*o = -5*r + 72, 3*r + r - 3*o - 53 = 0. What is the units digit of r?
4
Suppose -r = -4*s + 12, s + 0*r = 5*r - 16. Suppose 6*y - 18 = s*y. What is the units digit of y?
9
Let d(z) be the first derivative of -z**4/4 + z**3 + z**2 + 6. Let r(s) = s**2 + 4*s + 2. Let j be r(-4). What is the units digit of d(j)?
8
Let n(h) = 2*h**2 - h - 3. What is the tens digit of n(3)?
1
Suppose -7*d + 2*d = -40. Suppose 0 = s - 0*s - d. Suppose -a + s = -5. What is the units digit of a?
3
Let m(q) = 21*q + 3. Let a be m(5). Suppose -a = -4*z + z. Suppose -h + i = -4, -4*h + 2*i + z = 3*i. What is the units digit of h?
8
Let f(t) = -t**3 - 7*t**2 - 5*t - 1. What is the units digit of f(-7)?
4
Suppose -4*l - u - u + 126 = 0, -2*u - 2 = 0. Let w = l + -9. What is the tens digit of (-1 - w)*(-6)/8?
1
What is the units digit of (4/(-1))/(1/(-8))?
2
Suppose -3*h + 4*u + 18 = 2*h, u = 3. Let q be (7/3 + -3)*h. What is the units digit of (q - -3)/(-2)*14?
7
Suppose -5*z + 429 = -4*p, 6*p = 4*z + 4*p - 342. What is the units digit of z?
5
Let k(x) = 2*x**2 + 2*x. Suppose g = 4*g - 6. Let u be k(g). Suppose -4*f - 5*l + 34 = 0, 2*f + u = 5*l + 44. What is the units digit of f?
1
Suppose 4*f = 2*r + 22, 3*f - 2 + 3 = -2*r. What is the units digit of f?
3
Let z(k) = -228*k**3 - k**2 + 1. What is the units digit of z(-1)?
8
Let l(b) = -3*b + 2. Let a be l(-2). Suppose 0*m + 3 = m - p, 0 = 4*p + a. What is the units digit of m?
1
Let g(t) = t**3 + 2*t**2 - 4*t + 1. What is the hundreds digit of g(5)?
1
Suppose -56 = 2*x - 4*x. Let d = x + -18. What is the tens digit of d?
1
Suppose 43 = 5*g + p + 17, -2*p + 7 = g. Let s = g + -4. What is the units digit of s?
1
Let a be 32/(-6) + (-3)/(-9). Let l = a - -17. What is the tens digit of l?
1
Let m(f) = f**3 - 2*f**2 - 4. Let g be m(3). Suppose 0 = -g*c + 39 + 16. Let b = c - 4. What is the units digit of b?
7
Let s be 3 + (0 - (-4 + 2)). Suppose s*w + 26 = 96. What is the tens digit of w?
1
Suppose -7 + 9 = p. Suppose -188 = p*k - 6*k. What is the units digit of k?
7
Suppose 17 = 4*a - 3. Suppose 0 = 3*g - 0*y + 2*y - 20, -3*g - a*y + 23 = 0. What is the units digit of g?
6
Let f(z) = z**3 - 6*z**2 + 2*z + 6. Let w be ((-6)/(-9) - -1)*3. Let v be f(w). Let o = v + 21. What is the tens digit of o?
1
Let l(t) = -t**3 - 6*t**2 + 8*t + 7. Let a be l(-7). Suppose a = 3*r - 4*v - 40, 4*r = -v + 4*v + 51. Let y = r - 7. What is the units digit of y?
5
Let o = 46 - 25. Suppose 5*p - 106 = -o. What is the tens digit of p?
1
Let o(s) = s**3 - 6*s**2 + 5*s + 4. Let v be o(5). Suppose 139 = -0*h - 3*h + 2*k, v*k - 106 = 2*h. Let q = 62 + h. What is the units digit of q?
9
Let k(g) be the first derivative of -g**4/4 + 2*g**3 + 7*g**2/2 + 5*g + 1. Let t be (-3)/(6/4) - -9. What is the units digit of k(t)?
5
Let y(q) = 3*q + 5. Suppose g - 4 = -0. What is the tens digit of y(g)?
1
Let a(t) = 3*t**2 + 3*t - 1. Let i(v) = 7*v**2 + 6*v - 2. Let u(q) = 5*a(q) - 2*i(q). What is the tens digit of u(-7)?
2
Let i(f) = -f**2 - 9*f + 2. Let y be i(-9). Suppose 0 = 3*c + y*c - 125. What is the units digit of c?
5
What is the tens digit of -1 - -1 - 57*-1?
5
Let v = 5 - 2. Suppose 0 = x + v*x - 80. What is the units digit of x?
0
Let s = 16 - 13. Suppose -s*u + 50 = 2*u. What is the units digit of u?
0
Let f be -9 - 1 - 1*-2. Let i = 3 - f. What is the units digit of i?
1
Let m(n) = 8*n - 43. What is the units digit of m(19)?
9
Let q(y) = 2*y**2 + 4*y - 4. Let l(b) = -3*b**2 - 3*b + 4. Let a(n) = 3*l(n) + 4*q(n). Let v be a(6). Suppose -v*j + 4 = -j. What is the units digit of j?
4
Let y be ((-8)/16)/((-1)/(-16)). Let w = 21 + y. What is the units digit of w?
3
Let h be (-2)/3 - 1506/9. What is the tens digit of (h/36)/((-2)/6)?
1
Let p be 166/18 + 12/(-54). Suppose -p*d = -10*d + 39. What is the tens digit of d?
3
Let k(m) = -4*m + 1. Let n be k(1). What is the units digit of n - (3 - 25)/2?
8
Suppose 0 = -a - 4, 4*m - a - 18 = 3*m. What is the units digit of m?
4
Let v(r) = -2*r**2 - 17*r + 3. Let l be v(3). Let b be (-22)/(-6) + (-2)/3. What is the units digit of (1/(-2))/(b/l)?
1
Let y = 47 + -27. Let v = 29 - y. What is the units digit of v?
9
What is the units digit of (-32)/(-48) + (-164)/(-6)?
8
What is the tens digit of 3/6*-10*1332/(-30)?
2
Let o be 5*((-4)/(-5) - 0). Let a(g) = -2*g. Let n(b) = b. Let k(x) = -a(x) - n(x). What is the units digit of k(o)?
4
Let p = -203 - -285. Suppose 3*l = 2*r + 5*l + p, 2*r + 61 = 5*l. What is the tens digit of r/4*(3 - 5)?
1
Let v = 8 - 4. Suppose v*k + j = -4, 5*k + 2*j + 3 - 1 = 0. Let c = 3 + k. What is the units digit of c?
1
Suppose 3*p = -3*b, -3*b = -0*p - p + 8. Suppose -4*o + p + 18 = 0. Let q = o + 0. What is the units digit of q?
5
Let q(p) = p + 6. Let i be q(-6). Let o be (i - 1)/((-1)/4). Suppose 0 = o*v - 0*v - 2*y - 22, 60 = 5*v + 4*y. What is the units digit of v?
8
Let u = 5 + -2. Suppose 2*f + 3*s - 37 = 0, u*s + 69 - 22 = 4*f. What is the tens digit of f?
1
Let f be (-24)/(-9) + (-1)/(-3). Suppose -25 = -2*g - f*g. What is the units digit of g?
5
Suppose 0*t + 55 = -5*t. Let b = t - -25. What is the tens digit of b?
1
Suppose -3*h = -2*g + 7 + 89, 5*h = g - 34. Let v = g - 27. Suppose 0 = 5*k + 4*c - 29 - v, c = k - 4. What is the units digit of k?
8
Suppose -5*k - o = -7 + 16, 2*k + 5*o - 1 = 0. Let n be k/(-10) + 453/(-15). What is the units digit of 1 - -2 - n/6?
8
Suppose -5 = -0*w - w + b, 2*w = 5*b + 25. Suppose u + 4*u + 10 = w. Let n = 1 - u. What is the units digit of n?
3
Let o(k) = k - 2. Let i be o(-9). Let h = i + 24. Let d = 18 - h. What is the units digit of d?
5
Let c(d) = d**2 - 2*d - 5. Let y be c(5). Let s = y + -1. What is the units digit of s?
9
Let v(l) = -l**3 + 5*l**2 + 7*l - 2. Let s be v(6). Let f = 2 + s. Suppose f = 3*g - 0*r - 3*r, -3*g + 6 = 3*r. What is the units digit of g?
2
Let v = 7 - -2. What is the units digit of v?
9
Let h(q) = -q**2 - q + 2. Let o be h(-2). Suppose -a - a = o. What is the tens digit of (a + -2)*(-11)/2?
1
Let o(r) = -r + 12 - 8 + 12. What is the units digit of o(10)?
6
Let t = 2 + -3. Let y be 0 + 0 - t*1. Suppose -4*c = 5*i - 23, -2*i + y = -i + 2*c. What is the units digit of i?
7
Suppose 0 = 3*z - 5*g - 221, -155 - 121 = -4*z + 2*g. Suppose 0 = 4*r - 2*t - 106, 4*r - r - z = -t. What is the units digit of r?
4
Let m(r) = 8*r**2 - r + 1. What is the tens digit of m(-2)?
3
Suppose -3*u = -i - 4*u + 1, 37 = 5*i - 3*u. Suppose i*l = 47 + 113. What is the units digit of l?
2
Suppose -3*m + 38 = 3*p + p, 36 = 5*p - 2*m. What is the units digit of p?
8
Let u = 2 + 0. Let c be 111/4 + u/8. Suppose 2*p = -5*w - p + 32, -3*w - 4*p + c = 0. What is the units digit of w?
4
Let z = -1 + -4. Let k = 18 - z. Let o = k + -16. What is the units digit of o?
7
Let k be (-2)/(-7) - (-4)/(-14). Suppose -s + 12 = 3*a - a, s - 5*a + 23 = k. What is the units digit of s?
2
Let v(n) = 4*n + 4. Let k be v(-4). Let x = 28 + k. Suppose -t - t = -x. What is the units digit of t?
8
What is the units digit of 172/(-10)*15/(-6)?
3
Suppose -j - 3*y + y = -51, 5*y - 15 = 0. What is the tens digit of j?
4
Let d(c) = c**2 - 5*c - 4. Let m be d(6). What is the tens digit of ((-69)/m)/3*-2?
2
Let h = 103 - 61. What is the tens digit of h?
4
Suppose 0 = -0*h - h + 20. Suppose -h = 2*l - 6*l. Suppose 0 = -j + 2*j - d, 12 = -j + l*d. What is the units digit of j?
3
Let c be 10/(-5) - (-4 - 1). Suppose -k + c*k = -8. Let j(r) = -3*r - 5. What is the units digit of j(k)?
7
Let p(s) = 15*s**2 + s - 3. What is the units digit of p(-2)?
5
Let t = -32 + 70. What is the tens digit of t?
3
What is the units digit of (6 + 114)*(-9)/(-6)?
0
Suppose -7*w + 5*w = -64. Suppose 0 = l - 3*f - 18, 3*f = -5*l + 130 + w. What is the units digit of l?
0
Suppose -4*b - 2*k = -844, 0 = 2